atest common divisor of r and 3.
3
Let d(a) = 25*a + 1227. Let p be d(-5). What is the highest common factor of p and 836?
38
Let t = -215 - -186. Let a be (5 - t) + 3 + -1. What is the highest common divisor of a and 144?
36
Suppose -4*f = t - 24402, 5*t + 3*f - 87858 = 34271. What is the highest common divisor of 70 and t?
70
Let t be ((-6780)/(-28))/3 - 20/(-70). What is the greatest common factor of 243 and t?
81
Suppose 74797*z = 74783*z + 210. What is the highest common factor of z and 2865?
15
Let a(l) = l**3 + l**2 + 2*l - 258. Let s be a(0). Let g = 293 + s. What is the greatest common divisor of 56 and g?
7
Let z(c) = c**3 + c - 6 + 3 + 1 - 4*c**2 + 1. Let k be z(4). Suppose -4*b - 37 = -k*a + 2*a, 73 = 4*a - b. Calculate the highest common factor of 85 and a.
17
Suppose -3*v - 1076 = -6*v + 4*x, -5*v + 5*x = -1790. Calculate the highest common divisor of v and 1513.
89
Let r be ((-204)/(-68))/((-2)/(-198)). Let b = -88 + r. What is the highest common divisor of b and 76?
19
Suppose 506 = 5*h - 24*u + 26*u, -3*h = 2*u - 306. Calculate the greatest common divisor of h and 175.
25
Let i = -169 - -49. Let w = -443 - i. Let k = -193 - w. Calculate the highest common divisor of 26 and k.
26
Let z = 1495 - -429. What is the highest common factor of 52 and z?
52
Suppose -2*n = 3*b - 36, -n + 2*b - 16 = -2*n. Let o(q) = 31*q - 24. Let l be o(n). Suppose -l = 3*g - 15*g. What is the greatest common factor of g and 150?
30
Suppose 0 = -2*h + 4*p - 52, -4*h - 78 = -h - p. Let k be (-66)/(-4) + 13/h. Suppose -91*a + 342 = -1114. Calculate the greatest common divisor of k and a.
16
Let z(t) = -t**3 + t**2 + t + 350. Let s be z(0). What is the highest common factor of 56 and s?
14
Suppose -18*n = -n + 12*n - 26448. Calculate the greatest common factor of 464 and n.
16
Suppose 4*n + 0 - 28 = 0. Suppose -71 + n = -8*j. Suppose j*s + 4*s - 480 = 0. Calculate the greatest common divisor of s and 8.
8
Let v = 20421 + -20400. What is the greatest common divisor of 861 and v?
21
Let p be (5 - 2)*(64 - -6) + 2. Calculate the greatest common factor of 954 and p.
106
Let p be 3489/12 + (243/(-36) - -6). Calculate the highest common divisor of p and 150.
10
Suppose 2*p - 9530 = -4*m, -2*p - 2*m = -6170 - 3370. What is the highest common divisor of 5 and p?
5
Let z = -13 + 5. Let i be 314/4 - 12/z. Let d(j) = 17*j + 1528. Let p be d(-88). Calculate the greatest common factor of p and i.
16
Suppose 0 = 23*b - 99 + 4 - 135. What is the greatest common factor of 7130 and b?
10
Suppose -14*g = 2*n - 9*g - 74, 5*n + 3*g = 109. Calculate the greatest common factor of 7633 and n.
17
Let y = 1504 + -1490. Calculate the greatest common divisor of y and 1162.
14
Suppose 8*m + 147 = -85. Let x = m - -34. Let a be 0 - (-60)/x*1. What is the highest common factor of a and 108?
12
Suppose 3*d - 33 = -2*p + 43, -5*p + 180 = 5*d. Let m = -3 - -8. Suppose -17 = -k + 3*c, 3*c - m = -k + 2*c. What is the greatest common divisor of p and k?
8
Suppose 899 - 119 = 15*q. Suppose 4*j - 18*a = -14*a + q, 4*j + 5*a = 7. Calculate the greatest common divisor of j and 40.
8
Let g(y) = -y**2 - 101*y - 2193. Let a be g(-32). What is the highest common factor of a and 20985?
15
Suppose 5*c + s - 14163 = 0, -17*c - 3*s = -14*c - 8517. Calculate the greatest common divisor of c and 19.
19
Suppose -312*i + 322*i = 20. Suppose 3*h = v + 26 + 47, i*h - 27 = 5*v. What is the highest common factor of h and 598?
26
Let s(f) = f**2 + 46*f + 145. Let g be s(-3). What is the greatest common factor of 496 and g?
16
Let t = -2984 - -2988. Let a be (-790)/(-15) + 2/(-3). Calculate the greatest common divisor of a and t.
4
Suppose 0 = 5*t - 3*j - 211983 - 6751, -2*t + j + 87495 = 0. What is the highest common divisor of 67 and t?
67
Let h(o) = 15*o + 141. Let g be h(-15). Let d be ((-378)/g)/((-2)/(-72)*3). What is the highest common factor of d and 126?
18
Suppose -13*x + 163 + 242 = 2*x. What is the highest common factor of 9261 and x?
27
Let p be (-6)/(-21) + 54/7. Let c(t) = -t**3 - 19*t**2 + 29*t + 28. Let g be c(-19). Let l = g + 723. What is the highest common factor of l and p?
8
Let y = 4582 - 4177. Calculate the greatest common divisor of 190 and y.
5
Let t(c) = -c**2 + 2*c - 7. Let s be t(6). Let j = -13 - s. Let i be -10*((-6)/(-12) + 0) - -17. Calculate the greatest common factor of j and i.
6
Suppose 6*k - 224 = 4*k. Suppose -464 = -3*z - 44. What is the greatest common divisor of k and z?
28
Let a be (-10)/(-6)*-3 - -5. Suppose 12*d - 8*d = -4, y - 3*d - 83 = a. What is the highest common factor of y and 64?
16
Suppose -2*k + 2*y = -228, 8*y + 347 = 3*k + 6*y. Let l = 715 - 494. Calculate the greatest common factor of k and l.
17
Let n(a) = 5*a + 88. Let q be n(-17). Suppose -3*t = -5*v + 680, -11*v = -9*v + q*t - 272. What is the greatest common divisor of 34 and v?
34
Let h(j) = 4*j**2 - 21*j - 14. Let o be h(6). Suppose b - 99 = -o*u, 5*u - 115 = b - 4*b. What is the greatest common divisor of 208 and u?
26
Suppose 2*l = h + 200, 918*h - 919*h = 3*l - 295. Let q(n) = 6*n - 1. Let j be q(2). What is the highest common factor of j and l?
11
Suppose -198*f - 54*f + 57166 = -6842. Calculate the greatest common factor of f and 16256.
254
Suppose 44*f = 247215 + 36497. What is the highest common factor of f and 39?
13
Let d be 1/10 - (-9516)/40. Let v = 347 + -319. Calculate the greatest common factor of d and v.
14
Suppose i - 272 = -2*j, 3*j - 4*i - 62 = 335. Calculate the greatest common divisor of 990 and j.
45
Let c be (-3)/(2 - 3) + 2. Let g(b) = 3*b + 6. Let n be g(-7). Let t be 1*22 - (17 + n). Calculate the greatest common factor of t and c.
5
Let k(t) = -98*t**3 + t**2 + 2*t + 1. Let s be k(-1). Let h be -5 + -1 + (-7 - (18 - 38)). Calculate the highest common divisor of h and s.
7
Let p = -2154 + 2215. What is the highest common factor of p and 4?
1
Suppose -3*o = 2*o - 935. Let v(t) = 40*t + 457. Let u be v(-11). What is the greatest common factor of u and o?
17
Suppose -9*b + 122 = -202. Suppose x - b = -28. Let n = 14 + -13. What is the greatest common divisor of n and x?
1
Let n = 244 - 196. Suppose -100 = -3*c - x, 19*c - 4*x = 20*c - n. Let l(s) = -4*s**3 - s**2 + s. Let d be l(-3). What is the highest common divisor of d and c?
32
Let w(k) be the second derivative of k**4/12 - k**3/3 + 21*k. Let c be w(6). What is the highest common divisor of 56 and c?
8
Let v(q) = 272*q**2 + 7*q + 8. Let i be v(6). Let j be 4*3/66 - i/(-77). What is the greatest common divisor of 64 and j?
64
Let u(l) = -l**2 - 9*l - 9. Let t = 30 + -25. Let z be ((-2)/t + (-5)/50)*10. Let k be u(z). What is the greatest common factor of k and 143?
11
Let n be (-48)/28 + 2 - 528/(-14). Let h = 2594 + -2556. What is the highest common divisor of n and h?
38
Suppose -3 = 4*q - 3*q. Let f be q*(-4)/(-12)*-62. Suppose -3*m = 2*i - 174, 3*i - 6*m + 2*m - 295 = 0. Calculate the highest common divisor of f and i.
31
Suppose -108*u = -160615 + 2503. What is the greatest common factor of 549 and u?
183
Suppose -4*v = -2*v - 40. Let i(c) = 2*c**3 - 4*c**2 - 79*c + 385. Let a be i(5). Calculate the greatest common divisor of a and v.
20
Suppose -7*s = 10 + 4. Let z be -3*s/(-6)*-3. Suppose 5*n = 2*b + 96, -2*b = -z*n + b + 54. What is the greatest common divisor of n and 60?
20
Let z be 9/12 - 1/(-4). Let b(m) = 97*m**2 - 5*m + 6. Let y be b(z). What is the highest common divisor of 28 and y?
14
Let i be ((-1628)/176)/((-4)/64). Suppose -6*a + 485 = -625. What is the highest common factor of a and i?
37
Suppose g - 190 = 5*m, 5*g = 5*m + 253 + 577. Calculate the highest common factor of 4960 and g.
160
Let s be 13/2 - 795/(-318). What is the greatest common factor of s and 187?
1
Let c = -43 - -47. Suppose -c*x = 5*b - 41, -4*b + 4*x = 3 - 7. Suppose -b*q + 204 = 7*q. Calculate the greatest common divisor of q and 119.
17
Suppose -34*x + 653 = -1324 + 73. Let l be -4 + 3 - (-112 - 0). Let w = l + -41. What is the highest common factor of x and w?
14
Let x = -4 - -54. Let q = -20865 + 20945. Calculate the greatest common divisor of q and x.
10
Let b be (-18)/(-27)*1*6/4. Let y be -3 + (25/b)/5. Suppose -4*q + 5*l + 585 = q, -2*q - y*l = -234. What is the highest common factor of q and 13?
13
Let z(h) = h**2 - 158